))
-8
(11 - 3) + (12 - 12) - (-11 + -13)
32
-32 + 5 + -4 + 21
-10
Calculate 2 + (-5 - 6) + -11.
-20
Calculate 1 - 0 - (-13 - -12 - 5).
7
What is the value of (-27 - -3) + -369 + 393?
0
Calculate 25 - ((5 - -2 - 7 - 8) + 12).
21
Evaluate -24 + (-7 + -7 + 20 - 1).
-19
-4 - (9 + -11 + -18)
16
(-3 - (10 - 1)) + (5 - -26) + -25
-6
Calculate 14 - (-8 - (-2 - 12)) - 2.
6
What is the value of -13 - (-36 - -21) - (2 - 30)?
30
-1 + 5 + 0 - 9 - (1 + 0)
-6
What is the value of 2 - (-4 - (-3 - 9) - (-9 + 3))?
-12
Calculate -14 - (2 + (-6 - -8) - 10).
-8
-1 + 0 + 8 + -5 - (22 - 10)
-10
11 + -14 - 11 - -14
0
Calculate 3 + (-1 - (10 + -11 + 2)).
1
Calculate (-72 - -47) + 18 + 12.
5
What is (16 + -1 - 1) + -1783 + 1775?
6
What is 6 - (6 - (6 + -2 + -16))?
-12
What is 17 + -56 + (9 + (-9 - -8) - 9)?
-40
-22 + 11 + -3 + (62 - 78)
-30
Calculate 15 + (-11 - -5) + -16 + 20.
13
What is the value of (-18 - -16) + 3 - 19?
-18
Calculate (-8 - (17 - 26)) + 10.
11
Calculate -16 + 13 + (1 - -2) + 13.
13
What is the value of 27 - (23 + 21) - -13?
-4
What is the value of -6 + 9 + (-20 - -7 - -7 - -3)?
0
What is (-6 + 1 + -4 - -5) + -9?
-13
-5 - ((-22 - -3) + 1) - 6
7
Evaluate -15 - (4 + -9) - (-40 - -33).
-3
-8 + (-15 - -35) + -10 - (-1 + 0)
3
Calculate -1 - 7 - -2 - (-28 - (3 - 10)).
15
Calculate 7 + -33 + (-22 - -39).
-9
Evaluate 32 + (3 - (11 + -21)) + -25.
20
What is the value of 14 - (-3 - (-4 - 8))?
5
-17 - (-26 - 15) - 12
12
What is (18 - 12) + -7 + (-1 - 16)?
-18
What is the value of -1532 + 1554 - (31 - -1)?
-10
Evaluate 13 + ((1 - 8 - -3) + 7 - 5).
11
Evaluate (-7 - -2) + (-1 - 8) + 10.
-4
What is 3 - -8 - (57 + -58)?
12
What is the value of -24 + -30 + 66 - (1 + 0 - -3)?
8
-330 + 325 + 1 + -2
-6
5 + -4 + (3 + -13 + 27 - 2)
16
What is (0 - (-9 - -14 - -4)) + 4?
-5
Calculate (21 - 7) + (15 - 44 - 4).
-19
1 - (63 + -61 + (-4 - -1))
2
-4 - -34 - (-5 - -20 - 5)
20
Evaluate -24 + -10 + 35 + -10.
-9
5 - ((4 - 17) + 6)
12
Calculate 19 - (6 + 10 + -1).
4
Calculate -9 - (4 + -5) - (-25 - -2).
15
-7 - (-7 + -13) - 23
-10
Evaluate (-11 + 11 - -12) + -9.
3
Calculate (-43 - -91 - (16 - 1)) + (0 - 8).
25
What is the value of 3 - 21 - (16 + -34)?
0
Calculate -5 + -5 + -2 + 13.
1
What is the value of 21 - (-22 - -67) - (-8 + 1) - 0?
-17
Calculate -1 - -1 - (595 + -570).
-25
What is the value of ((19 - 27) + 16 - -18) + 2?
28
Calculate (-66 - -11 - -56) + (3 - 1 - 3).
0
What is the value of -9 - (5 + 26 + -21)?
-19
What is the value of -5 + 3 - (26 + -32)?
4
What is the value of 2 + (0 - 31) - (47 + -62 + 16)?
-30
What is (-9 + 19 - 0) + -1?
9
What is the value of -3 + -12 + (30 - 10)?
5
What is the value of (-5 - ((-7 - (4 + -7)) + -1)) + 2?
2
What is the value of (-11 - (-8 + 7 - -4)) + 3?
-11
Calculate 8 + -4 + (-12 - 15) + -2.
-25
(1 - 4) + (157 - 161) - 11
-18
-16 + (14 - (-12 + 22)) + -2
-14
Calculate -17 + -16 + 8 - -16.
-9
What is the value of -13 - -10 - (82 - 85)?
0
Evaluate -1 - -30 - (1366 + -1325).
-12
(-10 + 8 - -7) + -6 + (-9 - -2)
-8
Evaluate -3 + (0 - (4 - 2)) + -36 + 19.
-22
What is 4 + 2 + -6 + 3 + (-2 - -13)?
14
What is the value of -9 + 1 + (-279 - -300)?
13
Evaluate (15 - 13) + 12 + 13 - 5.
22
What is the value of 9 + 3 + -13 - (3 + 19)?
-23
What is -2 + (14 - 1 - (4 - 4 - -8))?
3
8 - ((8 - 7) + 1)
6
What is the value of 8 + (-12 - -20 - (-11 + 4))?
23
What is 0 + 6 + 6 + -12 + (0 - 0)?
0
(-4 - 36) + (30 - -1) + -11
-20
What is the value of 13 - (7 - (0 + 4 - -2))?
12
(-20 + 12 + -2 - -10) + -2 + -1
-3
Evaluate 33 - 2 - (-3 + 1).
33
(-11 - (1 + -4)) + 65 + -66
-9
-14 + (-17 - -4) - 0 - -13
-14
8 + -16 + -1 + 1 + -1 + -16
-25
Calculate 7 - ((-1 - -2) + (-5 - -4)).
7
What is the value of -6 - (-3 - (-82 + 88 + (0 - 7)))?
-4
Evaluate 15 + -9 - (-32 + 8).
30
Calculate 2 + (7 - 5) + 4.
8
(-103 + 103 - (0 + 0)) + 23
23
Evaluate (5 - ((0 - -4) + -2)) + (-6 - 2).
-5
Evaluate -25 - -10 - -23 - 21.
-13
Evaluate -25 - (-35 - -40) - -25.
-5
Calculate 4 + 1 - 14 - -16.
7
What is -18 - (-10 + (12 - 11))?
-9
Evaluate -10 - (12 + 3 + -22) - 5 - -4.
-4
Evaluate (16 + -15 - (1 - 8)) + (-1 - 2).
5
Evaluate 2 - (22 + 9 + -21).
-8
What is (763 - 752) + (0 - 29)?
-18
What is the value of 0 - -6 - ((5 - -6 - -9) + -2)?
-12
What is 13 + (-6 - (-12 + 27 + -2))?
-6
What is the value of -9 + (-21 + 18 - 10 - -11)?
-11
0 + -1 - (77 - 74) - (0 + 3)
-7
Evaluate 0 - (0 + (-2 - -1) + -185 + 190).
-4
What is the value of 5 - 34 - (-48 + 29) - (-26 + -1)?
17
What is (-8 + 1 - -3) + -4 + 5?
-3
(-2 - 4) + -3 + 10 + -3 + -9
-11
24 - (13 + -2 + -7 + (13 - 7))
14
What is 4 + 2 + -4 - (-4 - (-5 - 1))?
0
Evaluate -1 - (37 - 42 - (-2 + (2 - -3))).
7
Evaluate -5 - (-33 + 17 + 2).
9
Calculate 0 + (1 - 5) + (0 - -14) + -6.
4
What is -39 + 0 + 37 + -12?
-14
Evaluate -4 + 3 - (-128 + 107).
20
What is the value of 3 + -3 + -10 + -3?
-13
Evaluate -10 + -3 + 12 - -9.
8
Calculate 47 + -71 - (1 + -12).
-13
Calculate -10 + -6 + 39 + -22.
1
Evaluate 3 + (2 + -5 - -4) + (-18 - -3).
-11
Evaluate 22 + -14 - 0 - 5.
3
What is the value of -19 - 0 - (-107 + 109)?
-21
Evaluate 11 + (-9 - (-3 + (4 - 0) + 37)).
-36
Calculate -2 + 1 - ((11 - 2) + -8).
-2
What is 2 - 22 - (15 - (11 + 18))?
-6
What is (8 - (3 - (-4 - -8 - 3))) + -6?
0
What is the value of 5 - ((-6 - (-3 + (1 - 9))) + -8)?
8
4 + (-9 - -17) + -14 + -9
-11
What is the value of -5 + 7 + -16 - -12 - -8?
6
Evaluate -11 + (-3 - (-27 - -12)).
1
Calculate 6 + (0 + -1 - (18 - (-9 - -27))).
5
Calculate (-12 - (-5 + -7 + 3)) + -6 - 6.
-15
(-1 - 3) + -5 + (-3 - (3 + -6))
-9
What is 6 + -11 + 3 + 13 - 28?
-17
What is (12 - -1) + -68 + 92 + -19?
18
What is -11 - (-12 - (-37 + 29))?
-7
What is the value of -6 - 47 - -30 - 0?
-23
Evaluate (6 - -3) + -1 - 12 - -1.
-3
What is (-16 - (-28 + 8)) + (0 - 7)?
-3
What is the value of 10 + (8 - 6) + -8 + -9 + 0?
-5
What is (-2 + -4 - 0) + 3 + -2 + -2?
-7
Calculate 7 + (-12 - (-3 + 2 + -6)).
2
Calculate (-3 + 3 - 0 - (-11 - -7)) + -8.
-4
Evaluate -15 - -45 - (-13 - -15).
28
What is -1143 + 1139 + (-1 - 9 - (-1 + 1))?
-14
3 - -4 - (-98 - -96)
9
What is the value of -2 - 3 - (-17 - (-14 - 1)) - -20?
17
6 + -2 + 16 + -25 + (1 - -8)
4
Evaluate (-15 - -53 - 29) + -5 + 2.
6
What is the value of 7 + -6 + (0 - (-11 - -2))?
10
5 - -10 - (10 + -2)
7
What is 31 - ((17 - 28) + 27)?
15
Calculate -17 + (12 - (-7 + 16)).
-14
What is 40 - (45 + -43 + 26)?
12
What is the value of -49 + 29 - -16 - 12?
-16
What is -5 + 2 + 1 - (3 + -1 + 4)?
-8
Calculate -1 + 17 + (87 - 118).
-15
Calculate 0 + (-5 - (3 + 7)).
-15
What is the value of -1 - (-14 - -1) - (35 - (56 - 26))?
7
(7 - 19) + 4 + -1 - (1 + -1)
-9
What is the value of (3 - (0 - (-9 + 5))) + -3 - 6?
-10
What is (-18 - -8) + 1 + -4?
-13
Calculate 7 - (-8 + 4 + 8).
3
Calculate 7 + -39 + 40 + -11.
-3
Evaluate 4 + -4 + (13 - 13 - -9).
9
What is (23 + 0 - (129 + -129)) + -6 + 0?
17
What is the value of 3 + (5 - 0 - (-5 - -12)) + 1?
2
-20 + -34 + 79 - (17 - 0)
8
Evaluate (0 - 3) + (9 - (17 - 2)).
-9
Evaluate -1402 + 1419 + 1 + (0 - -1).
19
What is the value of (2 + 0 - 9) + 11 + (2 - 2)?
4
Calculate -13 + 9 + -4 - (15 - 9).
-14
-11 + (8 + -1 - (-14 + (17 - -8)))
-15
What is -17 + 6 - (-1 + -36 - (-2 + 2))?
26
What is -9 + (12 - 7) - (-19 + 4) - -2?
13
What is the value of 9 + 3 + (552 - 563)?
1
Evaluate 321 + -316 + (2 - 10).
-3
15 - (0 - -1 - (-6 - 4)) - -13
17
What is the value of -41 - (8 + -20 - 26)?
-3
What is -33 + -18 + 14 + -6 - (-10 + 2)?
-35
What is the value of -6 - 0 - (-27 + 31 - -3)?
-13
-3 + (-18 - (-14 - 8) - (16 - 0))
-15
41 + 48 + -82 - (-7 + 0 + -1)
15
What is -3 - (-8 - 1) - (-2 - -6 - 1)?
3
Calculate -1156 + 1126 - (-21 + 0).
-9
Calculate (-4 - -1) + (-3 - (3 - 4)).
-5
Calculate -18 - (439 - 432 - (48 - -1)).
24
What is the value of 13 - -20 - (18 - 3)?
18
What is (20 - 29) + (-2 - -2) + -2?
-11
Evaluate -23 + 17 - (5 + -19).
8
Calculate 6 - ((15 - -13) + -14).
-8
What is (3 - -14) + (8 - 13 - 2) - 6?
4
Evaluate 568 - 569 - (9 - (-1 + 0)).
-11
Calculate -1 + 1 - (16 + -15) - (60 + -77).
16
What is the value of 0 + (3 + -10 + 5 - -5) + 0?
3
What is 3 - 1 - (2 - 9 - 4)?
13
Calculate -25 + 9 + 5 - (-2 - 16).
7
What is 3 + 7 - (-40 + 67)?
-17
What is the value of 5 + 5 - 2 - 6 - (7 - 2)?
-3
Calculate 2 + (-13 - (-7 - (14 - 17))).
-7
Evaluate 8 + -30 - (-28 - -7).
-1
Evaluate 15 + (-2